{"id":15,"date":"2021-05-10T08:48:48","date_gmt":"2021-05-10T05:48:48","guid":{"rendered":"http:\/\/u63577.www2.webdomain.fi\/?page_id=15"},"modified":"2024-04-17T15:00:13","modified_gmt":"2024-04-17T12:00:13","slug":"jasenyys","status":"publish","type":"page","link":"https:\/\/www.kauppalaisseura.fi\/seura\/jasenyys\/","title":{"rendered":"J\u00e4senyys"},"content":{"rendered":"<div id=\"pl-15\"  class=\"panel-layout\" ><div id=\"pg-15-0\"  class=\"panel-grid panel-has-style\" ><div class=\"siteorigin-panels-stretch panel-row-style panel-row-style-for-15-0\" style=\"padding: 0px 0; \" id=\"karuselli\" data-stretch-type=\"full-width-stretch\" data-overlay=\"true\" data-overlay-color=\"#000000\" ><div id=\"pgc-15-0-0\"  class=\"panel-grid-cell\" ><div id=\"panel-15-0-0-0\" class=\"so-panel widget widget_sow-editor panel-first-child panel-last-child\" data-index=\"0\" ><div style=\"text-align: left;\" data-title-color=\"#443f3f\" data-headings-color=\"#443f3f\" class=\"panel-widget-style panel-widget-style-for-15-0-0-0\" ><div\n\t\t\t\n\t\t\tclass=\"so-widget-sow-editor so-widget-sow-editor-base\"\n\t\t\t\n\t\t>\n<div class=\"siteorigin-widget-tinymce textwidget\">\n\t\n<\/div>\n<\/div><\/div><\/div><\/div><\/div><\/div><div id=\"pg-15-1\"  class=\"panel-grid panel-has-style\" ><div class=\"siteorigin-panels-stretch panel-row-style panel-row-style-for-15-1\" style=\"padding: 100px 0; \" id=\"breadcrumb-rivi\" data-stretch-type=\"full-width-stretch\" data-overlay=\"true\" data-overlay-color=\"#000000\" ><div id=\"pgc-15-1-0\"  class=\"panel-grid-cell\" ><div id=\"panel-15-1-0-0\" class=\"so-panel widget widget_bcn_widget widget_breadcrumb_navxt panel-first-child panel-last-child\" data-index=\"1\" ><div style=\"text-align: left;\" data-title-color=\"#443f3f\" data-headings-color=\"#443f3f\" class=\"panel-widget-style panel-widget-style-for-15-1-0-0\" ><div class=\"breadcrumbs\" vocab=\"https:\/\/schema.org\/\" typeof=\"BreadcrumbList\"><!-- Breadcrumb NavXT 7.4.1 -->\n<span property=\"itemListElement\" typeof=\"ListItem\"><a property=\"item\" typeof=\"WebPage\" title=\"Go to Jyv\u00e4skyl\u00e4n Kauppalaisseura.\" href=\"https:\/\/www.kauppalaisseura.fi\/seura\" class=\"home\" aria-current=\"page\"><span property=\"name\">Jyv\u00e4skyl\u00e4n Kauppalaisseura<\/span><\/a><meta property=\"position\" content=\"1\"><\/span><\/div><\/div><\/div><\/div><\/div><\/div><div id=\"pg-15-2\"  class=\"panel-grid panel-has-style\" ><div class=\"siteorigin-panels-stretch panel-row-style panel-row-style-for-15-2\" style=\"padding: 0px 0; \" id=\"valisivu-r1\" data-stretch-type=\"full-width-stretch\" data-overlay=\"true\" data-overlay-color=\"#000000\" ><div id=\"pgc-15-2-0\"  class=\"panel-grid-cell\" ><div id=\"panel-15-2-0-0\" class=\"so-panel widget widget_sow-editor panel-first-child panel-last-child\" data-index=\"2\" ><div style=\"text-align: left;\" data-title-color=\"#443f3f\" data-headings-color=\"#443f3f\" class=\"panel-widget-style panel-widget-style-for-15-2-0-0\" ><div\n\t\t\t\n\t\t\tclass=\"so-widget-sow-editor so-widget-sow-editor-base\"\n\t\t\t\n\t\t>\n<div class=\"siteorigin-widget-tinymce textwidget\">\n\t<div class=\"valisivu-otsikko2\">\n<h2>Seuran toiminta<\/h2>\n<\/div>\n<div class=\"valisivu-leipateksti\">\n<p><a href=\"https:\/\/www.kauppalaisseura.fi\/seura\/info\">Jyv\u00e4skyl\u00e4n Kauppalaisseura<\/a> on perustettu vuonna 1875. Seuran tarkoituksena on s\u00e4\u00e4nt\u00f6jens\u00e4 mukaan \"edist\u00e4\u00e4 seurayhteytt\u00e4 t\u00e4k\u00e4l\u00e4isien kauppiaiden ja kauppapalvelijain keskuudessa; toimittaa seuran j\u00e4senille tilaisuutta lomahetkien hy\u00f6dylliseen viett\u00e4miseen kirjallisuuden viljelemisell\u00e4 ja sill\u00e4 tavalla kun kulloinkin soveliaaksi n\u00e4hd\u00e4\u00e4n; ja jos varat my\u00f6tenantavat, saattaa haluaville tilaisuutta saamaan opetusta kauppatoimeen kuuluvissa tiedoissa\".<\/p>\n<\/div>\n<\/div>\n<\/div><\/div><\/div><\/div><\/div><\/div><div id=\"pg-15-3\"  class=\"panel-grid panel-has-style\" ><div class=\"siteorigin-panels-stretch panel-row-style panel-row-style-for-15-3\" style=\"padding: 0px 0; \" id=\"valisivu-r2-linkki\" data-stretch-type=\"full-width-stretch\" data-overlay=\"true\" data-overlay-color=\"#000000\" ><div id=\"pgc-15-3-0\"  class=\"panel-grid-cell\" ><div id=\"panel-15-3-0-0\" class=\"so-panel widget widget_sow-editor panel-first-child panel-last-child\" data-index=\"3\" ><div style=\"text-align: left;\" data-title-color=\"#443f3f\" data-headings-color=\"#443f3f\" class=\"panel-widget-style panel-widget-style-for-15-3-0-0\" ><div\n\t\t\t\n\t\t\tclass=\"so-widget-sow-editor so-widget-sow-editor-base\"\n\t\t\t\n\t\t>\n<div class=\"siteorigin-widget-tinymce textwidget\">\n\t<div class=\"valisivu-otsikko3-white\">\n<h3>Huviniemi<\/h3>\n<\/div>\n<div class=\"valisivu-leipateksti-white\">\n<p>Toiminta toukokuun puolesta v\u00e4list\u00e4 syyskuun puoleen v\u00e4liin on keskittynyt Huviniemeen. Huviniemess\u00e4 on ollut my\u00f6s majoitustiloja j\u00e4senten vuokrattavaksi. J\u00e4senten omia saunailtoja ovat keskiviikko, perjantai ja lauantai. Toukokuisten siivoustalkoiden j\u00e4lkeen j\u00e4rjestet\u00e4\u00e4n erilaisia tilaisuuksia, kuten avajaiset, juhannusjuhla, kalastuskilpailu ja kauden p\u00e4\u00e4tt\u00e4j\u00e4iset.<\/p>\n<\/div>\n<div class=\"valisivu-leipateksti-white\">\n<p>Seura vuokraa saunaa ja tiloja my\u00f6s yritysten omiin tilaisuuksiin, joihin Huviniemen em\u00e4nt\u00e4 j\u00e4rjest\u00e4\u00e4 sovittaessa tarjoilun. Saunatiloja voi tiedustella s\u00e4hk\u00f6postitse osoitteesta <a href=\"mailto:seura@kauppalaisseura.fi\">seura@kauppalaisseura.fi<\/a>.<\/p>\n<\/div>\n<div class=\"valisivu-leipateksti-white\">\n<p><strong>Huviniemen p\u00e4\u00e4rakennuksen uudelleenrakennus tullaan toteuttamaan kulttuurihistoriallisesti merkitt\u00e4v\u00e4\u00e4 milj\u00f6\u00f6t\u00e4 kunnioittaen. <\/strong><\/p>\n<\/div>\n<div class=\"valisivu-linkki-white\"><a href=\"https:\/\/www.kauppalaisseura.fi\/seura\/huviniemi\/\">Tutustu Huviniemeen<\/a><\/div>\n<\/div>\n<\/div><\/div><\/div><\/div><\/div><\/div><div id=\"pg-15-4\"  class=\"panel-grid panel-has-style\" ><div class=\"siteorigin-panels-stretch panel-row-style panel-row-style-for-15-4\" style=\"padding: 0px 0; \" id=\"valisivu-r3\" data-stretch-type=\"full-width-stretch\" data-overlay=\"true\" data-overlay-color=\"#000000\" ><div id=\"pgc-15-4-0\"  class=\"panel-grid-cell\" ><div id=\"panel-15-4-0-0\" class=\"so-panel widget widget_sow-editor panel-first-child panel-last-child\" data-index=\"4\" ><div style=\"text-align: left;\" data-title-color=\"#443f3f\" data-headings-color=\"#443f3f\" class=\"panel-widget-style panel-widget-style-for-15-4-0-0\" ><div\n\t\t\t\n\t\t\tclass=\"so-widget-sow-editor so-widget-sow-editor-base\"\n\t\t\t\n\t\t>\n<div class=\"siteorigin-widget-tinymce textwidget\">\n\t<div class=\"valisivu-otsikko3\">\n<h3>Kokoustilat<\/h3>\n<\/div>\n<div class=\"valisivu-leipateksti\">\n<p>Kauppalaisseuran kokoustila on V\u00e4in\u00f6nkatu 30:n 5. kerroksessa (96,5 m2). Tilassa on nykyaikainen kokoustekniikka, keitti\u00f6 ja saunatilat. Kokoustamaan mahtuu jopa 25 henke\u00e4, saunaan kerrallaan 10-15 henkil\u00f6\u00e4. Kokoustilaa vuokrataan juhla-, koulutus- ja kokousk\u00e4ytt\u00f6\u00f6n. Seuran j\u00e4senet voivat tehd\u00e4 tilavaraukset j\u00e4senhintaan. Tilan varaukset tehd\u00e4\u00e4n <a href=\"https:\/\/www.kauppalaisseura.fi\/varauskalenteri\/\">varauskalenterin<\/a> kautta.<\/p>\n<\/div>\n<div class=\"valisivu-leipateksti\">\n<p><a href=\"https:\/\/www.kauppalaisseura.fi\/vapaat-tilat\/kokous-ja-saunatilat\/\">Katso kuvia ja lis\u00e4tietoa kokoustilasta.<\/a><\/p>\n<\/div>\n<div class=\"valisivu-leipateksti\">\n<p>Lis\u00e4tietoja toiminnasta ja j\u00e4seneduista antaa seuran sihteeri Mari Huikari, <a href=\"tel:050 554 0268\">puh. 050-554 0268<\/a>.<\/p>\n<\/div>\n<\/div>\n<\/div><\/div><\/div><\/div><\/div><\/div><\/div>","protected":false},"excerpt":{"rendered":"<p>Jyv\u00e4skyl\u00e4n Kauppalaisseura Seuran toiminta Jyv\u00e4skyl\u00e4n Kauppalaisseura on perustettu vuonna 1875. Seuran tarkoituksena on s\u00e4\u00e4nt\u00f6jens\u00e4 mukaan &#8221;edist\u00e4\u00e4 seurayhteytt\u00e4 t\u00e4k\u00e4l\u00e4isien kauppiaiden ja kauppapalvelijain keskuudessa; toimittaa seuran j\u00e4senille tilaisuutta lomahetkien hy\u00f6dylliseen viett\u00e4miseen kirjallisuuden viljelemisell\u00e4 ja sill\u00e4 tavalla kun kulloinkin soveliaaksi n\u00e4hd\u00e4\u00e4n; ja jos varat my\u00f6tenantavat, saattaa haluaville tilaisuutta saamaan opetusta kauppatoimeen kuuluvissa tiedoissa&#8221;. Huviniemi Toiminta toukokuun puolesta v\u00e4list\u00e4 [&hellip;]<\/p>\n","protected":false},"author":1,"featured_media":0,"parent":0,"menu_order":0,"comment_status":"closed","ping_status":"closed","template":"page-templates\/page_front-page.php","meta":{"footnotes":""},"class_list":["post-15","page","type-page","status-publish","hentry"],"yoast_head":"<!-- This site is optimized with the Yoast SEO plugin v26.3 - https:\/\/yoast.com\/wordpress\/plugins\/seo\/ -->\n<title>Tietoa Jyv\u00e4skyl\u00e4n Kauppalaisseuran j\u00e4senyydest\u00e4<\/title>\n<meta name=\"description\" content=\"Jyv\u00e4skyl\u00e4n Kauppalaisseura on perustettu vuonna 1875. Seuran tarkoituksena on edist\u00e4\u00e4 seurayhteytt\u00e4 kauppiaiden keskuudessa.\" \/>\n<meta name=\"robots\" content=\"index, follow, max-snippet:-1, max-image-preview:large, max-video-preview:-1\" \/>\n<link rel=\"canonical\" href=\"https:\/\/www.kauppalaisseura.fi\/seura\/jasenyys\/\" \/>\n<meta property=\"og:locale\" content=\"fi_FI\" \/>\n<meta property=\"og:type\" content=\"article\" \/>\n<meta property=\"og:title\" content=\"Tietoa Jyv\u00e4skyl\u00e4n Kauppalaisseuran j\u00e4senyydest\u00e4\" \/>\n<meta property=\"og:description\" content=\"Jyv\u00e4skyl\u00e4n Kauppalaisseura on perustettu vuonna 1875. Seuran tarkoituksena on edist\u00e4\u00e4 seurayhteytt\u00e4 kauppiaiden keskuudessa.\" \/>\n<meta property=\"og:url\" content=\"https:\/\/www.kauppalaisseura.fi\/seura\/jasenyys\/\" \/>\n<meta property=\"og:site_name\" content=\"Jyv\u00e4skyl\u00e4n Kauppalaisseura\" \/>\n<meta property=\"article:modified_time\" content=\"2024-04-17T12:00:13+00:00\" \/>\n<meta property=\"og:image\" content=\"https:\/\/www.kauppalaisseura.fi\/seura\/wp-content\/uploads\/banneri1.jpg\" \/>\n\t<meta property=\"og:image:width\" content=\"1920\" \/>\n\t<meta property=\"og:image:height\" content=\"800\" \/>\n\t<meta property=\"og:image:type\" content=\"image\/jpeg\" \/>\n<meta name=\"twitter:card\" content=\"summary_large_image\" \/>\n<meta name=\"twitter:label1\" content=\"Arvioitu lukuaika\" \/>\n\t<meta name=\"twitter:data1\" content=\"2 minuuttia\" \/>\n<script type=\"application\/ld+json\" class=\"yoast-schema-graph\">{\"@context\":\"https:\/\/schema.org\",\"@graph\":[{\"@type\":\"WebPage\",\"@id\":\"https:\/\/www.kauppalaisseura.fi\/seura\/jasenyys\/\",\"url\":\"https:\/\/www.kauppalaisseura.fi\/seura\/jasenyys\/\",\"name\":\"Tietoa Jyv\u00e4skyl\u00e4n Kauppalaisseuran j\u00e4senyydest\u00e4\",\"isPartOf\":{\"@id\":\"https:\/\/www.kauppalaisseura.fi\/seura\/#website\"},\"datePublished\":\"2021-05-10T05:48:48+00:00\",\"dateModified\":\"2024-04-17T12:00:13+00:00\",\"description\":\"Jyv\u00e4skyl\u00e4n Kauppalaisseura on perustettu vuonna 1875. Seuran tarkoituksena on edist\u00e4\u00e4 seurayhteytt\u00e4 kauppiaiden keskuudessa.\",\"breadcrumb\":{\"@id\":\"https:\/\/www.kauppalaisseura.fi\/seura\/jasenyys\/#breadcrumb\"},\"inLanguage\":\"fi\",\"potentialAction\":[{\"@type\":\"ReadAction\",\"target\":[\"https:\/\/www.kauppalaisseura.fi\/seura\/jasenyys\/\"]}]},{\"@type\":\"BreadcrumbList\",\"@id\":\"https:\/\/www.kauppalaisseura.fi\/seura\/jasenyys\/#breadcrumb\",\"itemListElement\":[{\"@type\":\"ListItem\",\"position\":1,\"name\":\"Etusivu\",\"item\":\"https:\/\/www.kauppalaisseura.fi\/seura\/\"},{\"@type\":\"ListItem\",\"position\":2,\"name\":\"J\u00e4senyys\"}]},{\"@type\":\"WebSite\",\"@id\":\"https:\/\/www.kauppalaisseura.fi\/seura\/#website\",\"url\":\"https:\/\/www.kauppalaisseura.fi\/seura\/\",\"name\":\"Jyv\u00e4skyl\u00e4n Kauppalaisseura\",\"description\":\"\",\"potentialAction\":[{\"@type\":\"SearchAction\",\"target\":{\"@type\":\"EntryPoint\",\"urlTemplate\":\"https:\/\/www.kauppalaisseura.fi\/seura\/?s={search_term_string}\"},\"query-input\":{\"@type\":\"PropertyValueSpecification\",\"valueRequired\":true,\"valueName\":\"search_term_string\"}}],\"inLanguage\":\"fi\"}]}<\/script>\n<!-- \/ Yoast SEO plugin. -->","yoast_head_json":{"title":"Tietoa Jyv\u00e4skyl\u00e4n Kauppalaisseuran j\u00e4senyydest\u00e4","description":"Jyv\u00e4skyl\u00e4n Kauppalaisseura on perustettu vuonna 1875. Seuran tarkoituksena on edist\u00e4\u00e4 seurayhteytt\u00e4 kauppiaiden keskuudessa.","robots":{"index":"index","follow":"follow","max-snippet":"max-snippet:-1","max-image-preview":"max-image-preview:large","max-video-preview":"max-video-preview:-1"},"canonical":"https:\/\/www.kauppalaisseura.fi\/seura\/jasenyys\/","og_locale":"fi_FI","og_type":"article","og_title":"Tietoa Jyv\u00e4skyl\u00e4n Kauppalaisseuran j\u00e4senyydest\u00e4","og_description":"Jyv\u00e4skyl\u00e4n Kauppalaisseura on perustettu vuonna 1875. Seuran tarkoituksena on edist\u00e4\u00e4 seurayhteytt\u00e4 kauppiaiden keskuudessa.","og_url":"https:\/\/www.kauppalaisseura.fi\/seura\/jasenyys\/","og_site_name":"Jyv\u00e4skyl\u00e4n Kauppalaisseura","article_modified_time":"2024-04-17T12:00:13+00:00","og_image":[{"width":1920,"height":800,"url":"https:\/\/www.kauppalaisseura.fi\/seura\/wp-content\/uploads\/banneri1.jpg","type":"image\/jpeg"}],"twitter_card":"summary_large_image","twitter_misc":{"Arvioitu lukuaika":"2 minuuttia"},"schema":{"@context":"https:\/\/schema.org","@graph":[{"@type":"WebPage","@id":"https:\/\/www.kauppalaisseura.fi\/seura\/jasenyys\/","url":"https:\/\/www.kauppalaisseura.fi\/seura\/jasenyys\/","name":"Tietoa Jyv\u00e4skyl\u00e4n Kauppalaisseuran j\u00e4senyydest\u00e4","isPartOf":{"@id":"https:\/\/www.kauppalaisseura.fi\/seura\/#website"},"datePublished":"2021-05-10T05:48:48+00:00","dateModified":"2024-04-17T12:00:13+00:00","description":"Jyv\u00e4skyl\u00e4n Kauppalaisseura on perustettu vuonna 1875. Seuran tarkoituksena on edist\u00e4\u00e4 seurayhteytt\u00e4 kauppiaiden keskuudessa.","breadcrumb":{"@id":"https:\/\/www.kauppalaisseura.fi\/seura\/jasenyys\/#breadcrumb"},"inLanguage":"fi","potentialAction":[{"@type":"ReadAction","target":["https:\/\/www.kauppalaisseura.fi\/seura\/jasenyys\/"]}]},{"@type":"BreadcrumbList","@id":"https:\/\/www.kauppalaisseura.fi\/seura\/jasenyys\/#breadcrumb","itemListElement":[{"@type":"ListItem","position":1,"name":"Etusivu","item":"https:\/\/www.kauppalaisseura.fi\/seura\/"},{"@type":"ListItem","position":2,"name":"J\u00e4senyys"}]},{"@type":"WebSite","@id":"https:\/\/www.kauppalaisseura.fi\/seura\/#website","url":"https:\/\/www.kauppalaisseura.fi\/seura\/","name":"Jyv\u00e4skyl\u00e4n Kauppalaisseura","description":"","potentialAction":[{"@type":"SearchAction","target":{"@type":"EntryPoint","urlTemplate":"https:\/\/www.kauppalaisseura.fi\/seura\/?s={search_term_string}"},"query-input":{"@type":"PropertyValueSpecification","valueRequired":true,"valueName":"search_term_string"}}],"inLanguage":"fi"}]}},"_links":{"self":[{"href":"https:\/\/www.kauppalaisseura.fi\/seura\/wp-json\/wp\/v2\/pages\/15","targetHints":{"allow":["GET"]}}],"collection":[{"href":"https:\/\/www.kauppalaisseura.fi\/seura\/wp-json\/wp\/v2\/pages"}],"about":[{"href":"https:\/\/www.kauppalaisseura.fi\/seura\/wp-json\/wp\/v2\/types\/page"}],"author":[{"embeddable":true,"href":"https:\/\/www.kauppalaisseura.fi\/seura\/wp-json\/wp\/v2\/users\/1"}],"replies":[{"embeddable":true,"href":"https:\/\/www.kauppalaisseura.fi\/seura\/wp-json\/wp\/v2\/comments?post=15"}],"version-history":[{"count":3,"href":"https:\/\/www.kauppalaisseura.fi\/seura\/wp-json\/wp\/v2\/pages\/15\/revisions"}],"predecessor-version":[{"id":377,"href":"https:\/\/www.kauppalaisseura.fi\/seura\/wp-json\/wp\/v2\/pages\/15\/revisions\/377"}],"wp:attachment":[{"href":"https:\/\/www.kauppalaisseura.fi\/seura\/wp-json\/wp\/v2\/media?parent=15"}],"curies":[{"name":"wp","href":"https:\/\/api.w.org\/{rel}","templated":true}]}}